{"id":820,"date":"2025-04-23T20:36:34","date_gmt":"2025-04-23T18:36:34","guid":{"rendered":"http:\/\/zzzjordi.com.mialias.net\/catalogo-artistico-catalogo-cacim\/pere-bujosa-trio\/"},"modified":"2025-08-30T12:44:58","modified_gmt":"2025-08-30T10:44:58","slug":"pere-bujosa-trio","status":"publish","type":"page","link":"https:\/\/www.manangelment.com\/es\/catalogo-artistico-catalogo-cacim\/pere-bujosa-trio\/","title":{"rendered":"Pere Bujosa Trio"},"content":{"rendered":"<p>[et_pb_section fb_built=\u00bb1&#8243; _builder_version=\u00bb4.27.4&#8243; _module_preset=\u00bbdefault\u00bb global_colors_info=\u00bb{}\u00bb theme_builder_area=\u00bbpost_content\u00bb][et_pb_row _builder_version=\u00bb4.27.4&#8243; _module_preset=\u00bbdefault\u00bb global_colors_info=\u00bb{}\u00bb theme_builder_area=\u00bbpost_content\u00bb][et_pb_column type=\u00bb4_4&#8243; _builder_version=\u00bb4.27.4&#8243; _module_preset=\u00bbdefault\u00bb global_colors_info=\u00bb{}\u00bb theme_builder_area=\u00bbpost_content\u00bb][et_pb_text _builder_version=\u00bb4.27.4&#8243; _module_preset=\u00bbdefault\u00bb text_font=\u00bb|800|||||||\u00bb text_line_height=\u00bb1em\u00bb header_font=\u00bb|800||on|||||\u00bb header_font_size=\u00bb70px\u00bb width=\u00bb100%\u00bb max_width=\u00bb100%\u00bb min_height=\u00bb100px\u00bb hover_enabled=\u00bb0&#8243; global_colors_info=\u00bb{}\u00bb theme_builder_area=\u00bbpost_content\u00bb sticky_enabled=\u00bb0&#8243;]<\/p>\n<h1 class=\"mb-1\">PERE BUJOSA TRIO<\/h1>\n<p>[\/et_pb_text][et_pb_image title_text=\u00bbDSC_0085-RETOCADA-FILTRO-BLANC-I-NEGRE-1110&#215;742&#8243; _builder_version=\u00bb4.27.4&#8243; _module_preset=\u00bbdefault\u00bb hover_enabled=\u00bb0&#8243; global_colors_info=\u00bb{}\u00bb theme_builder_area=\u00bbpost_content\u00bb src=\u00bbhttps:\/\/www.manangelment.com\/wp-content\/uploads\/2025\/04\/DSC_0085-RETOCADA-FILTRO-BLANC-I-NEGRE-1110&#215;742-1.jpg\u00bb sticky_enabled=\u00bb0&#8243;][\/et_pb_image][\/et_pb_column][\/et_pb_row][et_pb_row column_structure=\u00bb1_2,1_2&#8243; _builder_version=\u00bb4.27.4&#8243; _module_preset=\u00bbdefault\u00bb global_colors_info=\u00bb{}\u00bb theme_builder_area=\u00bbpost_content\u00bb][et_pb_column type=\u00bb1_2&#8243; _builder_version=\u00bb4.27.4&#8243; _module_preset=\u00bbdefault\u00bb global_colors_info=\u00bb{}\u00bb theme_builder_area=\u00bbpost_content\u00bb][et_pb_text _builder_version=\u00bb4.27.4&#8243; _module_preset=\u00bbdefault\u00bb hover_enabled=\u00bb0&#8243; global_colors_info=\u00bb{}\u00bb theme_builder_area=\u00bbpost_content\u00bb sticky_enabled=\u00bb0&#8243;]<\/p>\n<p>Pere Bujosa Trio es un grupo formado en 2017 en \u00c1msterdam por el contrabajista mallorqu\u00edn Pere Bujosa, el pianista Xavi Torres y el baterista Joan Terol. Juntos crean una m\u00fasica que une elementos como las polirritmias, efectos y sonidos atmosf\u00e9ricos, as\u00ed como arreglos inspirados en la tradici\u00f3n jazz\u00edstica y otros g\u00e9neros como el rock o la m\u00fasica electr\u00f3nica.<\/p>\n<p>Los artistas que acompa\u00f1an a Bujosa son <strong>reconocidos miembros <\/strong>de la escena jazz\u00edstica catalana. El grupo de Pere Bujosa apuesta por reflejar la pasi\u00f3n del m\u00fasico mallorqu\u00edn por el ritmo y las texturas, como una f\u00f3rmula puramente jazz\u00edstica pero con influencias del rock, la electr\u00f3nica y la improvisaci\u00f3n libre, entre otros g\u00e9neros.<\/p>\n<p>[\/et_pb_text][\/et_pb_column][et_pb_column type=\u00bb1_2&#8243; _builder_version=\u00bb4.27.4&#8243; _module_preset=\u00bbdefault\u00bb global_colors_info=\u00bb{}\u00bb theme_builder_area=\u00bbpost_content\u00bb][et_pb_video _builder_version=\u00bb4.27.4&#8243; _module_preset=\u00bbdefault\u00bb hover_enabled=\u00bb0&#8243; global_colors_info=\u00bb{}\u00bb theme_builder_area=\u00bbpost_content\u00bb src=\u00bbhttps:\/\/youtu.be\/xoGcQUUE1C0?si=HyeXdpoSTS5-3RgP\u00bb sticky_enabled=\u00bb0&#8243;][\/et_pb_video][et_pb_video src=\u00bbhttps:\/\/youtu.be\/inxo93a2C2s?si=1N6y42OBtEEdtuQv\u00bb _builder_version=\u00bb4.27.4&#8243; _module_preset=\u00bbdefault\u00bb hover_enabled=\u00bb0&#8243; global_colors_info=\u00bb{}\u00bb theme_builder_area=\u00bbpost_content\u00bb sticky_enabled=\u00bb0&#8243;][\/et_pb_video][et_pb_button button_url=\u00bbhttps:\/\/www.perebujosamusic.com\/\u00bb url_new_window=\u00bbon\u00bb button_text=\u00bbwww.perebujosamusic.com\u00bb _builder_version=\u00bb4.27.4&#8243; _module_preset=\u00bbdefault\u00bb hover_enabled=\u00bb0&#8243; global_colors_info=\u00bb{}\u00bb theme_builder_area=\u00bbpost_content\u00bb sticky_enabled=\u00bb0&#8243;][\/et_pb_button][et_pb_button button_url=\u00bbhttps:\/\/zzzjordi.com.mialias.net\/wp-content\/uploads\/2023\/04\/DOSSIER-PERE-BUJOSA-CAT.pdf\u00bb url_new_window=\u00bbon\u00bb button_text=\u00bbDossier\u00bb _builder_version=\u00bb4.27.4&#8243; _module_preset=\u00bbdefault\u00bb hover_enabled=\u00bb0&#8243; global_colors_info=\u00bb{}\u00bb theme_builder_area=\u00bbpost_content\u00bb sticky_enabled=\u00bb0&#8243;][\/et_pb_button][et_pb_social_media_follow icon_color=\u00bb#FFFFFF\u00bb use_icon_font_size=\u00bbon\u00bb icon_font_size=\u00bb15px\u00bb _builder_version=\u00bb4.27.4&#8243; _module_preset=\u00bbdefault\u00bb filter_saturate=\u00bb0%\u00bb filter_contrast=\u00bb200%\u00bb hover_enabled=\u00bb0&#8243; global_colors_info=\u00bb{}\u00bb theme_builder_area=\u00bbpost_content\u00bb sticky_enabled=\u00bb0&#8243;][et_pb_social_media_follow_network social_network=\u00bbinstagram\u00bb url=\u00bbhttps:\/\/www.instagram.com\/perebujosamusic\/\u00bb _builder_version=\u00bb4.27.4&#8243; _module_preset=\u00bbdefault\u00bb background_color=\u00bb#ea2c59&#8243; hover_enabled=\u00bb0&#8243; global_colors_info=\u00bb{}\u00bb theme_builder_area=\u00bbpost_content\u00bb follow_button=\u00bboff\u00bb url_new_window=\u00bbon\u00bb sticky_enabled=\u00bb0&#8243;]instagram[\/et_pb_social_media_follow_network][et_pb_social_media_follow_network social_network=\u00bbfacebook\u00bb url=\u00bbhttps:\/\/www.facebook.com\/perebujosamusic\u00bb _builder_version=\u00bb4.27.4&#8243; _module_preset=\u00bbdefault\u00bb background_color=\u00bb#3b5998&#8243; hover_enabled=\u00bb0&#8243; global_colors_info=\u00bb{}\u00bb theme_builder_area=\u00bbpost_content\u00bb follow_button=\u00bboff\u00bb url_new_window=\u00bbon\u00bb sticky_enabled=\u00bb0&#8243;]facebook[\/et_pb_social_media_follow_network][et_pb_social_media_follow_network social_network=\u00bbyoutube\u00bb url=\u00bbhttps:\/\/www.youtube.com\/channel\/UCAtBCkSY6vpEhVYXj7O2u4g\u00bb _builder_version=\u00bb4.27.4&#8243; _module_preset=\u00bbdefault\u00bb background_color=\u00bb#a82400&#8243; hover_enabled=\u00bb0&#8243; global_colors_info=\u00bb{}\u00bb theme_builder_area=\u00bbpost_content\u00bb follow_button=\u00bboff\u00bb url_new_window=\u00bbon\u00bb sticky_enabled=\u00bb0&#8243;]youtube[\/et_pb_social_media_follow_network][\/et_pb_social_media_follow][\/et_pb_column][\/et_pb_row][\/et_pb_section]<\/p>\n","protected":false},"excerpt":{"rendered":"<p>**Pere Bujosa Trio**, formado en \u00c1msterdam en 2017, fusiona jazz con rock, electr\u00f3nica e improvisaci\u00f3n libre. Integrado por el contrabajista mallorqu\u00edn Pere Bujosa, el pianista Xavi Torres y el bater\u00eda Joan Terol, el grupo destaca por sus polirritmias, texturas atmosf\u00e9ricas y arreglos creativos con una fuerte esencia r\u00edtmica.<\/p>\n","protected":false},"author":2,"featured_media":371,"parent":706,"menu_order":0,"comment_status":"closed","ping_status":"closed","template":"","meta":{"_acf_changed":false,"_et_pb_use_builder":"on","_et_pb_old_content":"","_et_gb_content_width":"","footnotes":""},"categories":[18],"tags":[],"class_list":["post-820","page","type-page","status-publish","has-post-thumbnail","hentry","category-catalogo-jazz"],"acf":[],"_links":{"self":[{"href":"https:\/\/www.manangelment.com\/es\/wp-json\/wp\/v2\/pages\/820","targetHints":{"allow":["GET"]}}],"collection":[{"href":"https:\/\/www.manangelment.com\/es\/wp-json\/wp\/v2\/pages"}],"about":[{"href":"https:\/\/www.manangelment.com\/es\/wp-json\/wp\/v2\/types\/page"}],"author":[{"embeddable":true,"href":"https:\/\/www.manangelment.com\/es\/wp-json\/wp\/v2\/users\/2"}],"replies":[{"embeddable":true,"href":"https:\/\/www.manangelment.com\/es\/wp-json\/wp\/v2\/comments?post=820"}],"version-history":[{"count":4,"href":"https:\/\/www.manangelment.com\/es\/wp-json\/wp\/v2\/pages\/820\/revisions"}],"predecessor-version":[{"id":939,"href":"https:\/\/www.manangelment.com\/es\/wp-json\/wp\/v2\/pages\/820\/revisions\/939"}],"up":[{"embeddable":true,"href":"https:\/\/www.manangelment.com\/es\/wp-json\/wp\/v2\/pages\/706"}],"wp:featuredmedia":[{"embeddable":true,"href":"https:\/\/www.manangelment.com\/es\/wp-json\/wp\/v2\/media\/371"}],"wp:attachment":[{"href":"https:\/\/www.manangelment.com\/es\/wp-json\/wp\/v2\/media?parent=820"}],"wp:term":[{"taxonomy":"category","embeddable":true,"href":"https:\/\/www.manangelment.com\/es\/wp-json\/wp\/v2\/categories?post=820"},{"taxonomy":"post_tag","embeddable":true,"href":"https:\/\/www.manangelment.com\/es\/wp-json\/wp\/v2\/tags?post=820"}],"curies":[{"name":"wp","href":"https:\/\/api.w.org\/{rel}","templated":true}]}}

<p>[et_pb_section fb_built=»1&#8243; _builder_version=»4.27.4&#8243; _module_preset=»default» global_colors_info=»{}» theme_builder_area=»post_content»][et_pb_row _builder_version=»4.27.4&#8243; _module_preset=»default» global_colors_info=»{}» theme_builder_area=»post_content»][et_pb_column type=»4_4&#8243; _builder_version=»4.27.4&#8243; _module_preset=»default» global_colors_info=»{}» theme_builder_area=»post_content»][et_pb_text _builder_version=»4.27.4&#8243; _module_preset=»default» text_font=»|800|||||||» text_line_height=»1em» header_font=»|800||on|||||» header_font_size=»70px» width=»100%» max_width=»100%» min_height=»100px» hover_enabled=»0&#8243; global_colors_info=»{}» theme_builder_area=»post_content» sticky_enabled=»0&#8243;]</p>
<h1 class="mb-1">PERE BUJOSA TRIO</h1>
<p>[/et_pb_text][et_pb_image title_text=»DSC_0085-RETOCADA-FILTRO-BLANC-I-NEGRE-1110&#215;742&#8243; _builder_version=»4.27.4&#8243; _module_preset=»default» hover_enabled=»0&#8243; global_colors_info=»{}» theme_builder_area=»post_content» src=»https://www.manangelment.com/wp-content/uploads/2025/04/DSC_0085-RETOCADA-FILTRO-BLANC-I-NEGRE-1110&#215;742-1.jpg» sticky_enabled=»0&#8243;][/et_pb_image][/et_pb_column][/et_pb_row][et_pb_row column_structure=»1_2,1_2&#8243; _builder_version=»4.27.4&#8243; _module_preset=»default» global_colors_info=»{}» theme_builder_area=»post_content»][et_pb_column type=»1_2&#8243; _builder_version=»4.27.4&#8243; _module_preset=»default» global_colors_info=»{}» theme_builder_area=»post_content»][et_pb_text _builder_version=»4.27.4&#8243; _module_preset=»default» hover_enabled=»0&#8243; global_colors_info=»{}» theme_builder_area=»post_content» sticky_enabled=»0&#8243;]</p>
<p>Pere Bujosa Trio es un grupo formado en 2017 en Ámsterdam por el contrabajista mallorquín Pere Bujosa, el pianista Xavi Torres y el baterista Joan Terol. Juntos crean una música que une elementos como las polirritmias, efectos y sonidos atmosféricos, así como arreglos inspirados en la tradición jazzística y otros géneros como el rock o la música electrónica.</p>
<p>Los artistas que acompañan a Bujosa son <strong>reconocidos miembros </strong>de la escena jazzística catalana. El grupo de Pere Bujosa apuesta por reflejar la pasión del músico mallorquín por el ritmo y las texturas, como una fórmula puramente jazzística pero con influencias del rock, la electrónica y la improvisación libre, entre otros géneros.</p>
<p>[/et_pb_text][/et_pb_column][et_pb_column type=»1_2&#8243; _builder_version=»4.27.4&#8243; _module_preset=»default» global_colors_info=»{}» theme_builder_area=»post_content»][et_pb_video _builder_version=»4.27.4&#8243; _module_preset=»default» hover_enabled=»0&#8243; global_colors_info=»{}» theme_builder_area=»post_content» src=»https://youtu.be/xoGcQUUE1C0?si=HyeXdpoSTS5-3RgP» sticky_enabled=»0&#8243;][/et_pb_video][et_pb_video src=»https://youtu.be/inxo93a2C2s?si=1N6y42OBtEEdtuQv» _builder_version=»4.27.4&#8243; _module_preset=»default» hover_enabled=»0&#8243; global_colors_info=»{}» theme_builder_area=»post_content» sticky_enabled=»0&#8243;][/et_pb_video][et_pb_button button_url=»https://www.perebujosamusic.com/» url_new_window=»on» button_text=»www.perebujosamusic.com» _builder_version=»4.27.4&#8243; _module_preset=»default» hover_enabled=»0&#8243; global_colors_info=»{}» theme_builder_area=»post_content» sticky_enabled=»0&#8243;][/et_pb_button][et_pb_button button_url=»https://zzzjordi.com.mialias.net/wp-content/uploads/2023/04/DOSSIER-PERE-BUJOSA-CAT.pdf» url_new_window=»on» button_text=»Dossier» _builder_version=»4.27.4&#8243; _module_preset=»default» hover_enabled=»0&#8243; global_colors_info=»{}» theme_builder_area=»post_content» sticky_enabled=»0&#8243;][/et_pb_button][et_pb_social_media_follow icon_color=»#FFFFFF» use_icon_font_size=»on» icon_font_size=»15px» _builder_version=»4.27.4&#8243; _module_preset=»default» filter_saturate=»0%» filter_contrast=»200%» hover_enabled=»0&#8243; global_colors_info=»{}» theme_builder_area=»post_content» sticky_enabled=»0&#8243;][et_pb_social_media_follow_network social_network=»instagram» url=»https://www.instagram.com/perebujosamusic/» _builder_version=»4.27.4&#8243; _module_preset=»default» background_color=»#ea2c59&#8243; hover_enabled=»0&#8243; global_colors_info=»{}» theme_builder_area=»post_content» follow_button=»off» url_new_window=»on» sticky_enabled=»0&#8243;]instagram[/et_pb_social_media_follow_network][et_pb_social_media_follow_network social_network=»facebook» url=»https://www.facebook.com/perebujosamusic» _builder_version=»4.27.4&#8243; _module_preset=»default» background_color=»#3b5998&#8243; hover_enabled=»0&#8243; global_colors_info=»{}» theme_builder_area=»post_content» follow_button=»off» url_new_window=»on» sticky_enabled=»0&#8243;]facebook[/et_pb_social_media_follow_network][et_pb_social_media_follow_network social_network=»youtube» url=»https://www.youtube.com/channel/UCAtBCkSY6vpEhVYXj7O2u4g» _builder_version=»4.27.4&#8243; _module_preset=»default» background_color=»#a82400&#8243; hover_enabled=»0&#8243; global_colors_info=»{}» theme_builder_area=»post_content» follow_button=»off» url_new_window=»on» sticky_enabled=»0&#8243;]youtube[/et_pb_social_media_follow_network][/et_pb_social_media_follow][/et_pb_column][/et_pb_row][/et_pb_section]</p>

<p>**Pere Bujosa Trio**, formado en Ámsterdam en 2017, fusiona jazz con rock, electrónica e improvisación libre. Integrado por el contrabajista mallorquín Pere Bujosa, el pianista Xavi Torres y el batería Joan Terol, el grupo destaca por sus polirritmias, texturas atmosféricas y arreglos creativos con una fuerte esencia rítmica.</p>
