{"id":798,"date":"2025-04-26T18:51:39","date_gmt":"2025-04-26T16:51:39","guid":{"rendered":"http:\/\/zzzjordi.com.mialias.net\/catalogo-artistico-catalogo-cacim\/mary-lambourne\/"},"modified":"2025-08-30T12:28:05","modified_gmt":"2025-08-30T10:28:05","slug":"mary-lambourne","status":"publish","type":"page","link":"https:\/\/www.manangelment.com\/es\/catalogo-artistico-catalogo-cacim\/mary-lambourne\/","title":{"rendered":"Mary Lambourne"},"content":{"rendered":"<p>[et_pb_section fb_built=\u00bb1&#8243; _builder_version=\u00bb4.27.4&#8243; _module_preset=\u00bbdefault\u00bb global_colors_info=\u00bb{}\u00bb theme_builder_area=\u00bbpost_content\u00bb][et_pb_row _builder_version=\u00bb4.27.4&#8243; _module_preset=\u00bbdefault\u00bb global_colors_info=\u00bb{}\u00bb theme_builder_area=\u00bbpost_content\u00bb][et_pb_column type=\u00bb4_4&#8243; _builder_version=\u00bb4.27.4&#8243; _module_preset=\u00bbdefault\u00bb global_colors_info=\u00bb{}\u00bb theme_builder_area=\u00bbpost_content\u00bb][et_pb_text _builder_version=\u00bb4.27.4&#8243; _module_preset=\u00bbdefault\u00bb text_font=\u00bb|800|||||||\u00bb text_line_height=\u00bb1em\u00bb header_font=\u00bb|800||on|||||\u00bb header_font_size=\u00bb70px\u00bb width=\u00bb100%\u00bb max_width=\u00bb100%\u00bb min_height=\u00bb100px\u00bb global_colors_info=\u00bb{}\u00bb theme_builder_area=\u00bbpost_content\u00bb]<\/p>\n<h1 class=\"mb-1\">MARY LAMBOURNE<\/h1>\n<p>[\/et_pb_text][et_pb_image title_text=\u00bbmary\u00bb _builder_version=\u00bb4.27.4&#8243; _module_preset=\u00bbdefault\u00bb hover_enabled=\u00bb0&#8243; global_colors_info=\u00bb{}\u00bb theme_builder_area=\u00bbpost_content\u00bb src=\u00bbhttps:\/\/www.manangelment.com\/wp-content\/uploads\/2025\/04\/mary.jpg\u00bb sticky_enabled=\u00bb0&#8243;][\/et_pb_image][\/et_pb_column][\/et_pb_row][et_pb_row column_structure=\u00bb1_2,1_2&#8243; _builder_version=\u00bb4.27.4&#8243; _module_preset=\u00bbdefault\u00bb global_colors_info=\u00bb{}\u00bb theme_builder_area=\u00bbpost_content\u00bb][et_pb_column type=\u00bb1_2&#8243; _builder_version=\u00bb4.27.4&#8243; _module_preset=\u00bbdefault\u00bb global_colors_info=\u00bb{}\u00bb theme_builder_area=\u00bbpost_content\u00bb][et_pb_text _builder_version=\u00bb4.27.4&#8243; _module_preset=\u00bbdefault\u00bb hover_enabled=\u00bb0&#8243; global_colors_info=\u00bb{}\u00bb theme_builder_area=\u00bbpost_content\u00bb sticky_enabled=\u00bb0&#8243;]<\/p>\n<p>La singular voz de Mary Lambourne, mallorquina de padre ingl\u00e9s y madre de las Islas Canarias, el contacto con m\u00fasicos de diferentes \u00e1mbitos le permite percibir la m\u00fasica, la voz, como un camino con proyecci\u00f3n universal, siempre abierto a nuevos horizontes. Este impulso le ha llevado a hacer un constante acercamiento a nuevos g\u00e9neros y estilos musicales. El jazz, la m\u00fasica brasile\u00f1a, los boleros o el flamenco son algunos de los estilos que componen su repertorio actual. Mary Adine Lambourne Bethencourt naci\u00f3 en Valldemossa, Mallorca, en noviembre de 1982. Crece en una familia donde las artes pl\u00e1sticas y la m\u00fasica est\u00e1n muy presentes, un entorno que le despierta afici\u00f3n por la voz, la guitarra y la fotograf\u00eda.<\/p>\n<p>En 2001 se traslada a Barcelona para estudiar Bellas Artes en la Universidad de Barcelona. Es entonces cuando entra en contacto con el Taller de M\u00fasics, donde recibe formaci\u00f3n en t\u00e9cnica vocal con Meli Bernet y en canto flamenco con Juan Ram\u00f3n Caro y Jos\u00e9 Miguel Cerro \u2018Chiqui\u2019. En 2003, junto a Llu\u00eds Lle\u00f3 Oller, forma el grupo audiovisual Pelai de la Frontera, especializado en la realizaci\u00f3n de audiovisuales en torno a la creaci\u00f3n musical y art\u00edstica. Un proyecto que le permite mantener proximidad con artistas pl\u00e1sticos, pero tambi\u00e9n con m\u00fasicos de renombre internacional del mundo del jazz, el flamenco y la m\u00fasica cl\u00e1sica.<\/p>\n<p>En 2012 vuelve a Mallorca y entra en contacto con m\u00fasicos que residen en la isla, aunque sigue colaborando con m\u00fasicos de Barcelona, como el pianista Albert Blasco y el guitarrista flamenco Albert Florenza. Tambi\u00e9n colabora durante un tiempo con el guitarrista Pepe Mil\u00e0. En 2014 se reencuentra con m\u00fasicos con los que hab\u00eda coincidido en el Taller de M\u00fasics de Barcelona y forman &#8216;Round Quartet&#8217;, con Guillem Fullana a la guitarra, Juanan Torandell al bajo y Teo Salv\u00e0 a la bater\u00eda.<\/p>\n<p>Actualmente est\u00e1 promocionando su primer trabajo discogr\u00e1fico y realiza conciertos regularmente con diferentes formatos. Recientemente ha colaborado en el \u00faltimo disco de Highlands Project &#8216;VoiceOver Vol.1&#8217; con un tema propio. En sus \u00faltimos proyectos ha trabajado con diferentes m\u00fasicos de jazz y flamenco, ofreciendo conciertos en lugares como Mallorca, Barcelona, Inglaterra, Irlanda y Holanda.<\/p>\n<p>[\/et_pb_text][\/et_pb_column][et_pb_column type=\u00bb1_2&#8243; _builder_version=\u00bb4.27.4&#8243; _module_preset=\u00bbdefault\u00bb global_colors_info=\u00bb{}\u00bb theme_builder_area=\u00bbpost_content\u00bb][et_pb_video _builder_version=\u00bb4.27.4&#8243; _module_preset=\u00bbdefault\u00bb hover_enabled=\u00bb0&#8243; global_colors_info=\u00bb{}\u00bb theme_builder_area=\u00bbpost_content\u00bb src=\u00bbhttps:\/\/youtu.be\/EZAHz9Np3JE?si=aufCb1AQZ_22eyPl\u00bb sticky_enabled=\u00bb0&#8243;][\/et_pb_video][et_pb_video src=\u00bbhttps:\/\/youtu.be\/vJrt3KB-a7s?si=WL7H1sr1xbn6RkZg\u00bb _builder_version=\u00bb4.27.4&#8243; _module_preset=\u00bbdefault\u00bb global_colors_info=\u00bb{}\u00bb theme_builder_area=\u00bbpost_content\u00bb][\/et_pb_video][et_pb_button button_url=\u00bbhttps:\/\/zzzjordi.com.mialias.net\/wp-content\/uploads\/2019\/08\/MARY-LAMBOURNE-dossier-manangelment.pdf\u00bb url_new_window=\u00bbon\u00bb button_text=\u00bbDosier\u00bb _builder_version=\u00bb4.27.4&#8243; _module_preset=\u00bbdefault\u00bb hover_enabled=\u00bb0&#8243; global_colors_info=\u00bb{}\u00bb theme_builder_area=\u00bbpost_content\u00bb sticky_enabled=\u00bb0&#8243;][\/et_pb_button][et_pb_social_media_follow icon_color=\u00bb#FFFFFF\u00bb use_icon_font_size=\u00bbon\u00bb icon_font_size=\u00bb15px\u00bb _builder_version=\u00bb4.27.4&#8243; _module_preset=\u00bbdefault\u00bb filter_saturate=\u00bb0%\u00bb filter_contrast=\u00bb200%\u00bb hover_enabled=\u00bb0&#8243; global_colors_info=\u00bb{}\u00bb theme_builder_area=\u00bbpost_content\u00bb sticky_enabled=\u00bb0&#8243;][et_pb_social_media_follow_network social_network=\u00bbinstagram\u00bb url=\u00bbhttps:\/\/www.instagram.com\/marylambourne\/?hl=es\u00bb _builder_version=\u00bb4.27.4&#8243; _module_preset=\u00bbdefault\u00bb background_color=\u00bb#ea2c59&#8243; hover_enabled=\u00bb0&#8243; global_colors_info=\u00bb{}\u00bb theme_builder_area=\u00bbpost_content\u00bb follow_button=\u00bboff\u00bb url_new_window=\u00bbon\u00bb sticky_enabled=\u00bb0&#8243;]instagram[\/et_pb_social_media_follow_network][et_pb_social_media_follow_network social_network=\u00bbfacebook\u00bb url=\u00bbhttps:\/\/www.facebook.com\/mary.bethencourt\u00bb _builder_version=\u00bb4.27.4&#8243; _module_preset=\u00bbdefault\u00bb background_color=\u00bb#3b5998&#8243; hover_enabled=\u00bb0&#8243; global_colors_info=\u00bb{}\u00bb theme_builder_area=\u00bbpost_content\u00bb follow_button=\u00bboff\u00bb url_new_window=\u00bbon\u00bb sticky_enabled=\u00bb0&#8243;]facebook[\/et_pb_social_media_follow_network][\/et_pb_social_media_follow][\/et_pb_column][\/et_pb_row][\/et_pb_section]<\/p>\n","protected":false},"excerpt":{"rendered":"<p>**Mary Lambourne**, cantante mallorquina de voz singular, fusiona jazz, m\u00fasica brasile\u00f1a, boleros y flamenco con una visi\u00f3n abierta y universal. Formada en el Taller de M\u00fasics de Barcelona, combina su trayectoria art\u00edstica con proyectos como Round Quartet y colaboraciones internacionales, consolidando un estilo personal y rico en matices.<\/p>\n","protected":false},"author":2,"featured_media":374,"parent":706,"menu_order":0,"comment_status":"closed","ping_status":"closed","template":"","meta":{"_acf_changed":false,"_et_pb_use_builder":"on","_et_pb_old_content":"","_et_gb_content_width":"","footnotes":""},"categories":[18],"tags":[],"class_list":["post-798","page","type-page","status-publish","has-post-thumbnail","hentry","category-catalogo-jazz"],"acf":[],"_links":{"self":[{"href":"https:\/\/www.manangelment.com\/es\/wp-json\/wp\/v2\/pages\/798","targetHints":{"allow":["GET"]}}],"collection":[{"href":"https:\/\/www.manangelment.com\/es\/wp-json\/wp\/v2\/pages"}],"about":[{"href":"https:\/\/www.manangelment.com\/es\/wp-json\/wp\/v2\/types\/page"}],"author":[{"embeddable":true,"href":"https:\/\/www.manangelment.com\/es\/wp-json\/wp\/v2\/users\/2"}],"replies":[{"embeddable":true,"href":"https:\/\/www.manangelment.com\/es\/wp-json\/wp\/v2\/comments?post=798"}],"version-history":[{"count":4,"href":"https:\/\/www.manangelment.com\/es\/wp-json\/wp\/v2\/pages\/798\/revisions"}],"predecessor-version":[{"id":922,"href":"https:\/\/www.manangelment.com\/es\/wp-json\/wp\/v2\/pages\/798\/revisions\/922"}],"up":[{"embeddable":true,"href":"https:\/\/www.manangelment.com\/es\/wp-json\/wp\/v2\/pages\/706"}],"wp:featuredmedia":[{"embeddable":true,"href":"https:\/\/www.manangelment.com\/es\/wp-json\/wp\/v2\/media\/374"}],"wp:attachment":[{"href":"https:\/\/www.manangelment.com\/es\/wp-json\/wp\/v2\/media?parent=798"}],"wp:term":[{"taxonomy":"category","embeddable":true,"href":"https:\/\/www.manangelment.com\/es\/wp-json\/wp\/v2\/categories?post=798"},{"taxonomy":"post_tag","embeddable":true,"href":"https:\/\/www.manangelment.com\/es\/wp-json\/wp\/v2\/tags?post=798"}],"curies":[{"name":"wp","href":"https:\/\/api.w.org\/{rel}","templated":true}]}}

<p>[et_pb_section fb_built=»1&#8243; _builder_version=»4.27.4&#8243; _module_preset=»default» global_colors_info=»{}» theme_builder_area=»post_content»][et_pb_row _builder_version=»4.27.4&#8243; _module_preset=»default» global_colors_info=»{}» theme_builder_area=»post_content»][et_pb_column type=»4_4&#8243; _builder_version=»4.27.4&#8243; _module_preset=»default» global_colors_info=»{}» theme_builder_area=»post_content»][et_pb_text _builder_version=»4.27.4&#8243; _module_preset=»default» text_font=»|800|||||||» text_line_height=»1em» header_font=»|800||on|||||» header_font_size=»70px» width=»100%» max_width=»100%» min_height=»100px» global_colors_info=»{}» theme_builder_area=»post_content»]</p>
<h1 class="mb-1">MARY LAMBOURNE</h1>
<p>[/et_pb_text][et_pb_image title_text=»mary» _builder_version=»4.27.4&#8243; _module_preset=»default» hover_enabled=»0&#8243; global_colors_info=»{}» theme_builder_area=»post_content» src=»https://www.manangelment.com/wp-content/uploads/2025/04/mary.jpg» sticky_enabled=»0&#8243;][/et_pb_image][/et_pb_column][/et_pb_row][et_pb_row column_structure=»1_2,1_2&#8243; _builder_version=»4.27.4&#8243; _module_preset=»default» global_colors_info=»{}» theme_builder_area=»post_content»][et_pb_column type=»1_2&#8243; _builder_version=»4.27.4&#8243; _module_preset=»default» global_colors_info=»{}» theme_builder_area=»post_content»][et_pb_text _builder_version=»4.27.4&#8243; _module_preset=»default» hover_enabled=»0&#8243; global_colors_info=»{}» theme_builder_area=»post_content» sticky_enabled=»0&#8243;]</p>
<p>La singular voz de Mary Lambourne, mallorquina de padre inglés y madre de las Islas Canarias, el contacto con músicos de diferentes ámbitos le permite percibir la música, la voz, como un camino con proyección universal, siempre abierto a nuevos horizontes. Este impulso le ha llevado a hacer un constante acercamiento a nuevos géneros y estilos musicales. El jazz, la música brasileña, los boleros o el flamenco son algunos de los estilos que componen su repertorio actual. Mary Adine Lambourne Bethencourt nació en Valldemossa, Mallorca, en noviembre de 1982. Crece en una familia donde las artes plásticas y la música están muy presentes, un entorno que le despierta afición por la voz, la guitarra y la fotografía.</p>
<p>En 2001 se traslada a Barcelona para estudiar Bellas Artes en la Universidad de Barcelona. Es entonces cuando entra en contacto con el Taller de Músics, donde recibe formación en técnica vocal con Meli Bernet y en canto flamenco con Juan Ramón Caro y José Miguel Cerro ‘Chiqui’. En 2003, junto a Lluís Lleó Oller, forma el grupo audiovisual Pelai de la Frontera, especializado en la realización de audiovisuales en torno a la creación musical y artística. Un proyecto que le permite mantener proximidad con artistas plásticos, pero también con músicos de renombre internacional del mundo del jazz, el flamenco y la música clásica.</p>
<p>En 2012 vuelve a Mallorca y entra en contacto con músicos que residen en la isla, aunque sigue colaborando con músicos de Barcelona, como el pianista Albert Blasco y el guitarrista flamenco Albert Florenza. También colabora durante un tiempo con el guitarrista Pepe Milà. En 2014 se reencuentra con músicos con los que había coincidido en el Taller de Músics de Barcelona y forman &#8216;Round Quartet&#8217;, con Guillem Fullana a la guitarra, Juanan Torandell al bajo y Teo Salvà a la batería.</p>
<p>Actualmente está promocionando su primer trabajo discográfico y realiza conciertos regularmente con diferentes formatos. Recientemente ha colaborado en el último disco de Highlands Project &#8216;VoiceOver Vol.1&#8217; con un tema propio. En sus últimos proyectos ha trabajado con diferentes músicos de jazz y flamenco, ofreciendo conciertos en lugares como Mallorca, Barcelona, Inglaterra, Irlanda y Holanda.</p>
<p>[/et_pb_text][/et_pb_column][et_pb_column type=»1_2&#8243; _builder_version=»4.27.4&#8243; _module_preset=»default» global_colors_info=»{}» theme_builder_area=»post_content»][et_pb_video _builder_version=»4.27.4&#8243; _module_preset=»default» hover_enabled=»0&#8243; global_colors_info=»{}» theme_builder_area=»post_content» src=»https://youtu.be/EZAHz9Np3JE?si=aufCb1AQZ_22eyPl» sticky_enabled=»0&#8243;][/et_pb_video][et_pb_video src=»https://youtu.be/vJrt3KB-a7s?si=WL7H1sr1xbn6RkZg» _builder_version=»4.27.4&#8243; _module_preset=»default» global_colors_info=»{}» theme_builder_area=»post_content»][/et_pb_video][et_pb_button button_url=»https://zzzjordi.com.mialias.net/wp-content/uploads/2019/08/MARY-LAMBOURNE-dossier-manangelment.pdf» url_new_window=»on» button_text=»Dosier» _builder_version=»4.27.4&#8243; _module_preset=»default» hover_enabled=»0&#8243; global_colors_info=»{}» theme_builder_area=»post_content» sticky_enabled=»0&#8243;][/et_pb_button][et_pb_social_media_follow icon_color=»#FFFFFF» use_icon_font_size=»on» icon_font_size=»15px» _builder_version=»4.27.4&#8243; _module_preset=»default» filter_saturate=»0%» filter_contrast=»200%» hover_enabled=»0&#8243; global_colors_info=»{}» theme_builder_area=»post_content» sticky_enabled=»0&#8243;][et_pb_social_media_follow_network social_network=»instagram» url=»https://www.instagram.com/marylambourne/?hl=es» _builder_version=»4.27.4&#8243; _module_preset=»default» background_color=»#ea2c59&#8243; hover_enabled=»0&#8243; global_colors_info=»{}» theme_builder_area=»post_content» follow_button=»off» url_new_window=»on» sticky_enabled=»0&#8243;]instagram[/et_pb_social_media_follow_network][et_pb_social_media_follow_network social_network=»facebook» url=»https://www.facebook.com/mary.bethencourt» _builder_version=»4.27.4&#8243; _module_preset=»default» background_color=»#3b5998&#8243; hover_enabled=»0&#8243; global_colors_info=»{}» theme_builder_area=»post_content» follow_button=»off» url_new_window=»on» sticky_enabled=»0&#8243;]facebook[/et_pb_social_media_follow_network][/et_pb_social_media_follow][/et_pb_column][/et_pb_row][/et_pb_section]</p>

<p>**Mary Lambourne**, cantante mallorquina de voz singular, fusiona jazz, música brasileña, boleros y flamenco con una visión abierta y universal. Formada en el Taller de Músics de Barcelona, combina su trayectoria artística con proyectos como Round Quartet y colaboraciones internacionales, consolidando un estilo personal y rico en matices.</p>
