{"id":1834,"date":"2025-08-30T15:42:50","date_gmt":"2025-08-30T13:42:50","guid":{"rendered":"https:\/\/www.manangelment.com\/catalogo-artistico-catalogo-cacim\/sinead-cormican-3\/"},"modified":"2026-01-14T13:24:22","modified_gmt":"2026-01-14T11:24:22","slug":"sinead-cormican-3","status":"publish","type":"page","link":"https:\/\/www.manangelment.com\/es\/catalogo-artistico-catalogo-cacim\/sinead-cormican-3\/","title":{"rendered":"Sinead Cormican"},"content":{"rendered":"<p>[et_pb_section fb_built=\u00bb1&#8243; _builder_version=\u00bb4.27.4&#8243; _module_preset=\u00bbdefault\u00bb global_colors_info=\u00bb{}\u00bb][et_pb_row _builder_version=\u00bb4.27.4&#8243; _module_preset=\u00bbdefault\u00bb global_colors_info=\u00bb{}\u00bb][et_pb_column type=\u00bb4_4&#8243; _builder_version=\u00bb4.27.4&#8243; _module_preset=\u00bbdefault\u00bb global_colors_info=\u00bb{}\u00bb][et_pb_text _builder_version=\u00bb4.27.4&#8243; _module_preset=\u00bbdefault\u00bb text_font=\u00bb|800|||||||\u00bb text_line_height=\u00bb1em\u00bb header_font=\u00bb|800||on|||||\u00bb header_font_size=\u00bb70px\u00bb width=\u00bb100%\u00bb max_width=\u00bb100%\u00bb min_height=\u00bb100px\u00bb global_colors_info=\u00bb{}\u00bb]<\/p>\n<h1 style=\"text-align: left;\"><span>Sinead Cormican<\/span><\/h1>\n<p>[\/et_pb_text][et_pb_image src=\u00bbhttps:\/\/www.manangelment.com\/wp-content\/uploads\/2025\/10\/portada_-_Sinead_Cormican_Benitez.jpg\u00bb _builder_version=\u00bb4.27.4&#8243; _module_preset=\u00bbdefault\u00bb global_colors_info=\u00bb{}\u00bb][\/et_pb_image][\/et_pb_column][\/et_pb_row][et_pb_row column_structure=\u00bb1_2,1_2&#8243; _builder_version=\u00bb4.27.4&#8243; _module_preset=\u00bbdefault\u00bb global_colors_info=\u00bb{}\u00bb][et_pb_column type=\u00bb1_2&#8243; _builder_version=\u00bb4.27.4&#8243; _module_preset=\u00bbdefault\u00bb global_colors_info=\u00bb{}\u00bb][et_pb_text _builder_version=\u00bb4.27.4&#8243; _module_preset=\u00bbdefault\u00bb global_colors_info=\u00bb{}\u00bb]<\/p>\n<p>Sin\u00e9ad Cormican Ben\u00edtez, nace en Palma en 1995. De padre irland\u00e9s y madre gaditana, Sin\u00e9ad crece en una casa en la que la m\u00fasica y las diferentes culturas conviven simult\u00e1neamente. <\/p>\n<p>A los seis a\u00f1os dejan la ciudad para ir a vivir al municipio de Calvi\u00e0, donde comienza sus estudios de viol\u00edn con el profesor h\u00fangaro, L\u00e1szl\u00f3 F\u00fcl\u00f6p en la escuela municipal.<\/p>\n<p>Habiendo estudiado doce a\u00f1os all\u00ed, decide profundizar sus estudios de viol\u00edn cursando el Grado Superior de interpretaci\u00f3n de viol\u00edn cl\u00e1sico en el Conservatorio Superior de las Islas Baleares. Despu\u00e9s de dos a\u00f1os en la isla, decide trasladarse para terminar sus estudios en el Conservatorio del Liceu, Barcelona. <\/p>\n<p>Este cambio est\u00e1 motivado por el inter\u00e9s de la violinista en el mundo del jazz, de la que la ciudad condal es pionera. Despu\u00e9s de tres a\u00f1os recibiendo clases y form\u00e1ndose en este \u00e1mbito, volvi\u00f3 a Mallorca para empezar el superior de canto jazz, que cursa actualmente. <\/p>\n<p>SANG es el primer proyecto con m\u00fasica original de la cantante y violinista mallorquina Sin\u00e9ad Cormican. En este trabajo nos presenta sus canciones originales, en las que podemos escuchar todas sus influencias culturales, convergiendo en un repertorio propio y especial. <\/p>\n<p>Los temas compuestos para este trabajo tienen como g\u00e9nero principal el jazz, pero est\u00e1n influenciados por las ra\u00edces mallorquinas, irlandesas y gaditanas de la cantante.<\/p>\n<p>Este trabajo surge gracias a \u201cEmergeix!\u201d, un proyecto que pertenece al festival de jazz de Portocolom \u201cA jazz de Mar\u201d, donde dan la oportunidad de grabar en directo, en el mismo escenario del festival, un concierto \u00fanico a cargo de la Asociaci\u00f3n Cultural y Musical A Jazz de Mar.<\/p>\n<p>[\/et_pb_text][\/et_pb_column][et_pb_column type=\u00bb1_2&#8243; _builder_version=\u00bb4.27.4&#8243; _module_preset=\u00bbdefault\u00bb global_colors_info=\u00bb{}\u00bb][et_pb_button button_url=\u00bbhttps:\/\/www.manangelment.com\/wp-content\/uploads\/2025\/10\/DOSSIER_SINNEADCORMICAN-CAT.pdf\u00bb url_new_window=\u00bbon\u00bb button_text=\u00bbDosier\u00bb _builder_version=\u00bb4.27.4&#8243; _module_preset=\u00bbdefault\u00bb global_colors_info=\u00bb{}\u00bb][\/et_pb_button][et_pb_social_media_follow icon_color=\u00bb#FFFFFF\u00bb use_icon_font_size=\u00bbon\u00bb icon_font_size=\u00bb15px\u00bb _builder_version=\u00bb4.27.4&#8243; _module_preset=\u00bbdefault\u00bb filter_saturate=\u00bb0%\u00bb filter_contrast=\u00bb200%\u00bb global_colors_info=\u00bb{}\u00bb][et_pb_social_media_follow_network social_network=\u00bbinstagram\u00bb _builder_version=\u00bb4.27.4&#8243; _module_preset=\u00bbdefault\u00bb background_color=\u00bb#ea2c59&#8243; global_colors_info=\u00bb{}\u00bb follow_button=\u00bboff\u00bb url_new_window=\u00bbon\u00bb]instagram[\/et_pb_social_media_follow_network][\/et_pb_social_media_follow][\/et_pb_column][\/et_pb_row][\/et_pb_section][et_pb_section fb_built=\u00bb1&#8243; _builder_version=\u00bb4.27.4&#8243; _module_preset=\u00bbdefault\u00bb global_colors_info=\u00bb{}\u00bb][et_pb_row _builder_version=\u00bb4.27.4&#8243; _module_preset=\u00bbdefault\u00bb global_colors_info=\u00bb{}\u00bb][et_pb_column type=\u00bb4_4&#8243; _builder_version=\u00bb4.27.4&#8243; _module_preset=\u00bbdefault\u00bb global_colors_info=\u00bb{}\u00bb][\/et_pb_column][\/et_pb_row][\/et_pb_section]<\/p>\n","protected":false},"excerpt":{"rendered":"<p>Sinead CormicanSin\u00e9ad Cormican Ben\u00edtez, nace en Palma en 1995. De padre irland\u00e9s y madre gaditana, Sin\u00e9ad crece en una casa en la que la m\u00fasica y las diferentes culturas conviven simult\u00e1neamente. A los seis a\u00f1os dejan la ciudad para ir a vivir al municipio de Calvi\u00e0, donde comienza sus estudios de viol\u00edn con el profesor [&hellip;]<\/p>\n","protected":false},"author":2,"featured_media":1131,"parent":706,"menu_order":0,"comment_status":"closed","ping_status":"closed","template":"page-template-blank.php","meta":{"_acf_changed":false,"_et_pb_use_builder":"on","_et_pb_old_content":"","_et_gb_content_width":"","footnotes":""},"categories":[18],"tags":[],"class_list":["post-1834","page","type-page","status-publish","has-post-thumbnail","hentry","category-catalogo-jazz"],"acf":[],"_links":{"self":[{"href":"https:\/\/www.manangelment.com\/es\/wp-json\/wp\/v2\/pages\/1834","targetHints":{"allow":["GET"]}}],"collection":[{"href":"https:\/\/www.manangelment.com\/es\/wp-json\/wp\/v2\/pages"}],"about":[{"href":"https:\/\/www.manangelment.com\/es\/wp-json\/wp\/v2\/types\/page"}],"author":[{"embeddable":true,"href":"https:\/\/www.manangelment.com\/es\/wp-json\/wp\/v2\/users\/2"}],"replies":[{"embeddable":true,"href":"https:\/\/www.manangelment.com\/es\/wp-json\/wp\/v2\/comments?post=1834"}],"version-history":[{"count":2,"href":"https:\/\/www.manangelment.com\/es\/wp-json\/wp\/v2\/pages\/1834\/revisions"}],"predecessor-version":[{"id":1836,"href":"https:\/\/www.manangelment.com\/es\/wp-json\/wp\/v2\/pages\/1834\/revisions\/1836"}],"up":[{"embeddable":true,"href":"https:\/\/www.manangelment.com\/es\/wp-json\/wp\/v2\/pages\/706"}],"wp:featuredmedia":[{"embeddable":true,"href":"https:\/\/www.manangelment.com\/es\/wp-json\/wp\/v2\/media\/1131"}],"wp:attachment":[{"href":"https:\/\/www.manangelment.com\/es\/wp-json\/wp\/v2\/media?parent=1834"}],"wp:term":[{"taxonomy":"category","embeddable":true,"href":"https:\/\/www.manangelment.com\/es\/wp-json\/wp\/v2\/categories?post=1834"},{"taxonomy":"post_tag","embeddable":true,"href":"https:\/\/www.manangelment.com\/es\/wp-json\/wp\/v2\/tags?post=1834"}],"curies":[{"name":"wp","href":"https:\/\/api.w.org\/{rel}","templated":true}]}}

<p>[et_pb_section fb_built=»1&#8243; _builder_version=»4.27.4&#8243; _module_preset=»default» global_colors_info=»{}»][et_pb_row _builder_version=»4.27.4&#8243; _module_preset=»default» global_colors_info=»{}»][et_pb_column type=»4_4&#8243; _builder_version=»4.27.4&#8243; _module_preset=»default» global_colors_info=»{}»][et_pb_text _builder_version=»4.27.4&#8243; _module_preset=»default» text_font=»|800|||||||» text_line_height=»1em» header_font=»|800||on|||||» header_font_size=»70px» width=»100%» max_width=»100%» min_height=»100px» global_colors_info=»{}»]</p>
<h1 style="text-align: left;"><span>Sinead Cormican</span></h1>
<p>[/et_pb_text][et_pb_image src=»https://www.manangelment.com/wp-content/uploads/2025/10/portada_-_Sinead_Cormican_Benitez.jpg» _builder_version=»4.27.4&#8243; _module_preset=»default» global_colors_info=»{}»][/et_pb_image][/et_pb_column][/et_pb_row][et_pb_row column_structure=»1_2,1_2&#8243; _builder_version=»4.27.4&#8243; _module_preset=»default» global_colors_info=»{}»][et_pb_column type=»1_2&#8243; _builder_version=»4.27.4&#8243; _module_preset=»default» global_colors_info=»{}»][et_pb_text _builder_version=»4.27.4&#8243; _module_preset=»default» global_colors_info=»{}»]</p>
<p>Sinéad Cormican Benítez, nace en Palma en 1995. De padre irlandés y madre gaditana, Sinéad crece en una casa en la que la música y las diferentes culturas conviven simultáneamente. </p>
<p>A los seis años dejan la ciudad para ir a vivir al municipio de Calvià, donde comienza sus estudios de violín con el profesor húngaro, László Fülöp en la escuela municipal.</p>
<p>Habiendo estudiado doce años allí, decide profundizar sus estudios de violín cursando el Grado Superior de interpretación de violín clásico en el Conservatorio Superior de las Islas Baleares. Después de dos años en la isla, decide trasladarse para terminar sus estudios en el Conservatorio del Liceu, Barcelona. </p>
<p>Este cambio está motivado por el interés de la violinista en el mundo del jazz, de la que la ciudad condal es pionera. Después de tres años recibiendo clases y formándose en este ámbito, volvió a Mallorca para empezar el superior de canto jazz, que cursa actualmente. </p>
<p>SANG es el primer proyecto con música original de la cantante y violinista mallorquina Sinéad Cormican. En este trabajo nos presenta sus canciones originales, en las que podemos escuchar todas sus influencias culturales, convergiendo en un repertorio propio y especial. </p>
<p>Los temas compuestos para este trabajo tienen como género principal el jazz, pero están influenciados por las raíces mallorquinas, irlandesas y gaditanas de la cantante.</p>
<p>Este trabajo surge gracias a “Emergeix!”, un proyecto que pertenece al festival de jazz de Portocolom “A jazz de Mar”, donde dan la oportunidad de grabar en directo, en el mismo escenario del festival, un concierto único a cargo de la Asociación Cultural y Musical A Jazz de Mar.</p>
<p>[/et_pb_text][/et_pb_column][et_pb_column type=»1_2&#8243; _builder_version=»4.27.4&#8243; _module_preset=»default» global_colors_info=»{}»][et_pb_button button_url=»https://www.manangelment.com/wp-content/uploads/2025/10/DOSSIER_SINNEADCORMICAN-CAT.pdf» url_new_window=»on» button_text=»Dosier» _builder_version=»4.27.4&#8243; _module_preset=»default» global_colors_info=»{}»][/et_pb_button][et_pb_social_media_follow icon_color=»#FFFFFF» use_icon_font_size=»on» icon_font_size=»15px» _builder_version=»4.27.4&#8243; _module_preset=»default» filter_saturate=»0%» filter_contrast=»200%» global_colors_info=»{}»][et_pb_social_media_follow_network social_network=»instagram» _builder_version=»4.27.4&#8243; _module_preset=»default» background_color=»#ea2c59&#8243; global_colors_info=»{}» follow_button=»off» url_new_window=»on»]instagram[/et_pb_social_media_follow_network][/et_pb_social_media_follow][/et_pb_column][/et_pb_row][/et_pb_section][et_pb_section fb_built=»1&#8243; _builder_version=»4.27.4&#8243; _module_preset=»default» global_colors_info=»{}»][et_pb_row _builder_version=»4.27.4&#8243; _module_preset=»default» global_colors_info=»{}»][et_pb_column type=»4_4&#8243; _builder_version=»4.27.4&#8243; _module_preset=»default» global_colors_info=»{}»][/et_pb_column][/et_pb_row][/et_pb_section]</p>

<p>Sinead CormicanSinéad Cormican Benítez, nace en Palma en 1995. De padre irlandés y madre gaditana, Sinéad crece en una casa en la que la música y las diferentes culturas conviven simultáneamente. A los seis años dejan la ciudad para ir a vivir al municipio de Calvià, donde comienza sus estudios de violín con el profesor [&hellip;]</p>
